ens digit of f?
9
Let u = 917 + 975. What is the hundreds digit of u?
8
Let j = 30801 + -22506. What is the tens digit of j?
9
Suppose 0 = -0*y - 3*y - 3, -2*p - 3*y = -3. Let c(d) = -19 + d**p - 4*d**2 - 9*d**2 + 13*d + 5 + 2*d**2. What is the tens digit of c(10)?
1
Suppose 0 = 23*k - 18*k - t - 1242, 4*k - t = 994. What is the hundreds digit of k?
2
Suppose 5*v = 10, 0 = -2*a + v + 10 - 32. Let i(k) be the second derivative of -7*k**3/3 - 20*k**2 + 4*k. What is the hundreds digit of i(a)?
1
Suppose -46*o + 45*o + 5*d + 49204 = 0, 4*o + 5*d = 196841. What is the units digit of o?
9
Suppose 19781 - 237653 = -48*a. What is the hundreds digit of a?
5
Suppose 0 = -2*k - 5*f + 4, k - 4*k - 4*f + 6 = 0. Suppose 0 = t + 4, -3*o + 0*t = -k*t - 44. What is the units digit of 69/o + 3 + 33/(-12)?
6
Suppose w - 66*s + 63*s - 43935 = 0, w - 43939 = -s. What is the ten thousands digit of w?
4
Let v(c) = 2*c**2 - 6*c + 4. Let b be v(10). Let s = 5 + b. What is the units digit of s?
9
Let o = -17 + 22. Suppose 0 = -4*h + 2*r + 5 + 9, -7 = -3*h + o*r. Suppose 3*p + 109 = 2*s, -2*p = -s + h*s - 170. What is the units digit of s?
6
Suppose -15*x + 27*x = -156. Let z = x - -238. What is the tens digit of z?
2
Suppose -3*g + 5*g = -z + 128, 0 = -2*g - 3*z + 120. Let p(j) = j**2 - 5*j + 7. Let m be p(-8). Let s = m - g. What is the tens digit of s?
4
Let z(c) = -48*c + 120. Let r be z(-11). Suppose 19*h = 20*h - r. What is the tens digit of h?
4
Let n = 317 + -466. Let m = 485 + n. What is the tens digit of m?
3
What is the units digit of 596 + (-3 - 11)/((-2)/(2 - 1))?
3
Suppose -d = -t - 28913, -5*d - 4*t - 14215 = -158798. What is the ten thousands digit of d?
2
Suppose 17*b - 219 = 121. Suppose 0 = b*n - 848 + 228. What is the units digit of n?
1
Let d = -21218 + 39632. What is the units digit of d?
4
Let f(s) = s**2 + 10*s + 34. Let x = 252 + -276. What is the hundreds digit of f(x)?
3
Suppose 4*j + 2*j + 1350 = 0. Let n = 311 + j. What is the units digit of n?
6
Let b(g) be the first derivative of -5/2*g**2 - 17 + 24*g. What is the units digit of b(-8)?
4
Let v(r) = 316*r - 20. Let f be v(5). Suppose 5*y - f = -180. What is the hundreds digit of y?
2
Let n(m) = m**3 + 43*m**2 - 24*m + 23. Let k be n(-38). Suppose 4*a + 3*r = 6497, -5*a + 2*r + k = -r. What is the units digit of a?
8
Let j be (4 + (-8 - 2))*(-39)/2. What is the tens digit of (4 - (-8)/(2 - 6)) + j?
1
Let m(y) = -2*y**2 - 7*y + 20. Let w be m(-7). Let j = w + 32. Suppose 2*x - 5 = j. What is the units digit of x?
4
Let d be (3/(-7))/((-19)/133). Suppose -6*b = -d*b - 2817. What is the tens digit of b?
3
Suppose 16*b - 19282 = 16158. Suppose u = -5, -b = -5*a - 19*u + 23*u. What is the hundreds digit of a?
4
Suppose -33*f + 264 = -29*f. Let c = f + -64. Suppose 2*g - 3*z = -c*z + 132, -4*z = -4*g + 264. What is the units digit of g?
6
Let n(b) = -252*b + 128. Let x(k) = 28*k - 14. Let d(u) = 3*n(u) + 28*x(u). Suppose -4*o + 0*o + 12 = 0. What is the tens digit of d(o)?
7
Let v = 12609 + -7745. What is the thousands digit of v?
4
Let m(q) = -9*q - 14 + 11 + 31 + q. Let t be m(4). What is the tens digit of t/18 - (-6956)/36?
9
Let b = 66 + -62. Suppose -n - 4*m - 4 = -3*n, 0 = -b*n - 5*m + 8. Suppose n*v = -4*y + 116, -y - 34 = -v + 12. What is the tens digit of v?
5
Suppose 41 = r - 18. Let c(f) = 73 + f**3 - f - 82 + r. What is the units digit of c(0)?
0
Let y be 18*((-32)/(-2) + -1). Suppose 0 = 7*o + 3*o - y. What is the tens digit of o?
2
Let m = -52 - -54. Suppose -w = -m - 4. Suppose -w*x + 183 + 147 = 0. What is the tens digit of x?
5
What is the thousands digit of (-37615)/10*(12/(-1))/6?
7
What is the ten thousands digit of ((-935)/(-2))/11*3/((-15)/(-3568))?
3
Suppose -60*c + 57086 + 62914 = 0. What is the tens digit of c?
0
Suppose -5*i - 3657 = d + 3*d, 0 = 5*d + 2*i + 4567. Let h = d + 1692. What is the tens digit of h?
7
Let q(z) = 3*z**2 - 4*z + 14. Let b be q(6). Let h = b + 554. What is the tens digit of h?
5
Let r be 2/10*5 - (0 + -11). Let l(s) = s**3 - 11*s**2 - 10*s + 13. Let f be l(r). Let y = f + -7. What is the tens digit of y?
3
Let z(q) = q**2 - 12*q + 23. Let f be z(10). Suppose -2*j = -g, 4*j = f*g + 1 + 1. What is the units digit of (-3497)/(-26) + j/2?
4
Let i(f) = -15*f + 37. Let g be i(2). Let m = g - -48. What is the tens digit of m?
5
Let l be ((-1)/1 + 5)*54/(-72). What is the tens digit of (1388/l)/(3*16/(-72))?
9
Let w = 231 + -223. What is the tens digit of ((-2046)/w)/(153/(-816))?
6
Let s(d) = -30*d - 1. Let m be s(-2). Let x = 337 - m. What is the units digit of x?
8
Suppose -19*o - 6858 = -25*o. Let r = o - 17. What is the thousands digit of r?
1
Suppose 3*g - 1009 = -5*i, -16*g + 20*g = -5*i + 1352. What is the tens digit of g?
4
Let z = -2365 + 3948. What is the tens digit of (-2)/17 + 2 + z/17?
9
Let p = -3493 - -4974. Suppose 6*o - p - 577 = 0. Let n = -229 + o. What is the units digit of n?
4
Let q be (2/(-4))/((-15 - -7)/5008). Suppose -5*h = -q - 1087. What is the hundreds digit of h?
2
Let i(g) = -28*g - 260. Let q = -801 + 783. What is the hundreds digit of i(q)?
2
Let l = 491 + -471. Suppose -21*j + 1283 = -l*j. What is the hundreds digit of j?
2
Let m = -715 - -16. Let y = 1459 + m. What is the units digit of y?
0
Suppose 147*d = 248*d + 9*d - 3286910. What is the thousands digit of d?
9
Suppose 1193 = 6*z + 7949. Let r = z + 1644. What is the tens digit of r?
1
Suppose 2*y + 0*y = 5*u - 251, 5*u - 260 = 5*y. Let t = -30 + u. What is the units digit of (20/15*t)/((-2)/(-3))?
8
Suppose 0 = -48*k + 44*k - 36. What is the units digit of 6/k + (-9385)/60*-4?
5
Let d be ((-23)/46)/(2/(-6884)). Suppose -2*z + d = -r - 1112, -4252 = -3*z + r. What is the tens digit of z?
1
Suppose 5*i - 15897 = -3*s, -10598 = -2*s + 167*i - 172*i. What is the hundreds digit of s?
2
Let v be (125/(-50))/(1/2). What is the units digit of 373 - (v + (-30)/(-3))?
8
Let j = -6 + 2. Suppose -17*u + 594 = -14*u. What is the units digit of 5*(u/15 + j)?
6
Suppose -3*q = -2*w - 45464, -q = -4*w - 2334 - 12814. What is the units digit of q?
6
Let l(t) = 5*t**2 + 13*t - 2. Let i be l(9). Suppose -160 = 3*v - i. What is the hundreds digit of v?
1
Suppose 2*i + i - p + 41 = 0, -4*i - 61 = 5*p. Let f be (-129)/(-27) + i/(-63). Suppose -78 = -f*t - 3*u + 562, 0 = -t + 3*u + 146. What is the tens digit of t?
3
Suppose 3*u - 13 = -2*y, -y - y + u + 9 = 0. Let c(g) = 18*g + 931. Let h be c(-52). What is the units digit of -1 - 128*y/h?
7
Let h(g) = -g + 163. Suppose 0 = 8*m + 94 + 34. Let c(o) = -3*o - 48. Let p be c(m). What is the hundreds digit of h(p)?
1
Suppose -35*f - 4*v - 36454 = -36*f, -145849 = -4*f + 5*v. What is the tens digit of f?
6
Let t(f) = -16*f - 10. Suppose -2*r = -u + 5, -2 = r + 2*u - 3*u. Let y be t(r). Suppose 0 = 2*m - y + 6. What is the units digit of m?
6
What is the units digit of (-96)/(-256) + (379866/16 - 7)?
5
Suppose 4*w = -4*k + 84, 0 = w - 4*k - 38 + 2. Suppose w*v - 2215 = 1505. What is the units digit of v?
5
Let i = -6265 - -12146. What is the tens digit of i?
8
Let d(z) = -291*z + 10381. What is the thousands digit of d(-145)?
2
Let h = -70 - -70. Suppose -2*f - f + 6 = h. Suppose f*t = -3*t + 1315. What is the hundreds digit of t?
2
Let a(k) = 2*k**2 + k + 2. Let u be a(-1). Suppose 2*r + u*r - 62 = -3*j, 5*r - 2*j - 42 = 0. What is the hundreds digit of (195/r)/((-1)/(-6))?
1
Let l(s) = 11*s - 200. Let z be l(-41). Let g = z + 1257. What is the hundreds digit of g?
6
Let x = -42 + 127. What is the hundreds digit of (1 + (-172)/4)*x/(-10)?
3
Let o = 17 + -17. Suppose -4*d + 27 = 5*x, 2*d - 2*x + o*x - 18 = 0. Suppose -d = -3*y - 5. What is the units digit of y?
1
Suppose 134*s = -89*s + 6037279. What is the ten thousands digit of s?
2
Let z = 4 - 2. Let l be 1/((-17706)/(-2529) + -7). Suppose 4*b - z*s - 652 = 2*s, 2*s = -5*b + l. What is the units digit of b?
7
Let c = 2756 - 1939. Let r = c + -490. What is the units digit of r?
7
Let j(i) = -6*i - 20. Let k be j(7). Let d = k - -48. What is the tens digit of 4/d + 2652/21?
2
Let d(o) = 2*o**2 + 4*o - 8. Let t be d(-16). Let x(f) = f**2 - 2*f - 7. Let p be x(5). What is the units digit of t/p + 2 + -5?
2
Let y(l) = -10*l - 5. Let p be y(4). Let x = p + -18. Let z = 246 + x. What is the un